 = v - -31. Is q composite?
False
Let c be 3/5 + -12*2/15. Let v = 50 - c. Is v a prime number?
False
Let k = -8818 + 24875. Is k a prime number?
True
Is -1 - -42244 - (25 + -21) composite?
False
Suppose -r - 8781 = -4*r. Is r composite?
False
Suppose -23*f + 6 = -21*f. Suppose -w + 357 - 4021 = -4*m, 12 = f*w. Is m a composite number?
True
Suppose 22*d - 52881 = -3*z + 19*d, -3*d + 12 = 0. Is z a composite number?
False
Let y(c) = 63*c + 57*c + 11 - 36. Is y(14) a composite number?
True
Suppose -4*l = -0*l + 540. Let s = l - -284. Is s prime?
True
Suppose x - 5*z - 9194 = 0, -4*x - x - 2*z = -45997. Is x a prime number?
True
Let s = 24583 + -13232. Is s a prime number?
True
Suppose 34*i + 2798 = 36*i. Is i a composite number?
False
Suppose 0 = -c + 6 - 1. Suppose -2*k = 4*h - 7*h - 721, c*k + h = 1828. Is k a prime number?
False
Let j(h) = h**3 - 5*h - 2. Let d be j(-2). Suppose 2*n - 6*n + 5912 = d. Is n composite?
True
Let s = 1 - -2. Suppose 0 = -5*r - 5*b, r + 3 = -3*r - 5*b. Suppose -r*m - 11 = -4*p - 322, 4*m + s*p - 448 = 0. Is m composite?
False
Let t = -112 - -465. Suppose 2*j = 5*o - t, 0 = 5*o - 8*j + 3*j - 365. Suppose 15*q = 12*q + o. Is q prime?
True
Let m(g) = g**3 - 2*g**2 - 5*g - 2. Let b be m(5). Suppose b = 2*a - 478. Is a composite?
False
Let f(r) = r**3 + 17*r**2 - 32*r + 11. Is f(-16) a prime number?
False
Let g(j) = j - 13. Let d be g(16). Let q(y) = 13*y + 0*y**d - 2*y**2 - y**3 - 5*y - 10. Is q(-7) a prime number?
True
Let o(b) be the third derivative of b**8/5040 + b**7/2520 - b**6/144 - b**5/60 - 3*b**2. Let x(k) be the third derivative of o(k). Is x(-5) composite?
True
Suppose 41976 = 4*a - 5*m, 4*m = -a - 1492 + 12007. Is a a composite number?
False
Is 12/(-33) - (-232431)/33 composite?
False
Let t(i) = 70*i**2 + 23*i - 71. Is t(20) a prime number?
False
Suppose 30094 = 2*h - 4*g, -11*h + 9*h - g = -30094. Is h a prime number?
False
Suppose 3*q = -4*x - 1481, 3*q - 2829 = 5*x - 944. Let f = 627 + x. Is f a composite number?
True
Let x(s) = -s**2 - 14*s - 5. Let y be x(-13). Let o be y/6 - (-259)/(-3). Let v = -36 - o. Is v a prime number?
False
Let c = -930 - -326. Let o = 871 + c. Is o a prime number?
False
Let y = -60697 + 107654. Is y composite?
False
Suppose 5*h - 914 - 3651 = 0. Let a = h - 618. Is a a composite number?
True
Let o(q) = q**2 + 8*q. Let l be o(-8). Is 3 + 60 + l + 1 + 1 composite?
True
Let q(j) = 3010*j**2 + 40*j - 71. Is q(2) prime?
True
Let m(s) = 63*s**2 - 13*s - 39. Is m(14) composite?
True
Suppose -15*t - t = -25968. Is t a prime number?
False
Let x be (42/(-35))/((-3)/70). Is ((-121)/44)/((-1)/x) composite?
True
Suppose 0*q + 3*q - 2049 = 0. Let g = q - 240. Is g composite?
False
Let s = 639 + 20944. Is s a composite number?
True
Let k(o) = o**3 - 3*o**2 + 4*o - 1. Let y be k(2). Suppose y*f - 2648 = -5*f. Let u = f - -6. Is u a composite number?
False
Let i(z) = 11*z**2 - 12*z**2 - 17*z - 19*z + 1 + 6*z. Is i(-20) prime?
False
Is (38/(-114))/(1/(-17709)) prime?
True
Suppose -4*z - 5 = -f - z, -3*z - 7 = -2*f. Suppose 5*d + f = -28. Is d*(-3)/(-12)*-2 a prime number?
True
Let j be (-10 + 10)*((-2)/3 + 1). Let c(s) = -s**3 + 2*s + 541. Is c(j) composite?
False
Let k = 22 + -12. Let f be 1*-278 + (8 - k). Let s = f + 398. Is s a prime number?
False
Let u(f) = -34*f + 16. Let o(k) = 17*k - 8. Let b(q) = -7*o(q) - 4*u(q). Is b(9) a composite number?
True
Let j = -1778 + 4497. Is j a composite number?
False
Let g(y) be the second derivative of -y**4/12 + y**3/6 + 185*y**2/2 - 2*y. Suppose d + z = -2, -10 = 4*d - 7*d + 5*z. Is g(d) a composite number?
True
Let i(q) = -4*q - 3. Let c be i(-2). Suppose -c*u - 5*f + 770 = 0, -2*u - 3*f = -281 - 27. Suppose -v + 2*v + 5*r - 52 = 0, -4*v - 2*r = -u. Is v composite?
False
Suppose 14*c - 20*c = 1224. Let a = 2093 + c. Is a a prime number?
True
Let q(h) = h**3 - 4*h**2 - 6*h + 1. Let x be q(6). Suppose 5*j + 12 = x. Suppose c = j*c - 124. Is c prime?
True
Let b be -4 + (343 + 1)/(-1). Let k = 176 - b. Is (k/4)/(1 - 0) a prime number?
True
Let h = -83 - -23. Let m = h - -107. Let y = m - 34. Is y prime?
True
Let p(c) = 15*c**2 + 4 + 22*c**2 + 2*c - 3. Let f be 4*3/6*-1. Is p(f) prime?
False
Let b be (0/(12/(-3)))/2. Suppose b = 4*j + 4*f - 192, 3*j + 5*f = 134 - 0. Is j prime?
True
Suppose 0*p + p + 8 = 0. Let j(t) = -20*t**2 + 13*t**2 + 4 - t**3 - 2 - 7*t - 3. Is j(p) prime?
False
Let t(z) = 9*z**2 + 10*z + 37. Is t(-12) composite?
False
Suppose 20*u + 161168 = 36*u. Is u a composite number?
True
Suppose 0 = -2*b + 4 + 2. Suppose 3*p - 2*p - 3*z = -21, b*p + 13 = -z. Is (-410)/(-6)*p/(-2) a composite number?
True
Let t(w) be the third derivative of 197*w**4/24 + 19*w**3/6 + 3*w**2. Is t(14) composite?
False
Let r = 1 - -3. Let z be (-5)/(-1*(r - 3)). Suppose -5*b + 49 = 2*v - 2, 3*v - z*b - 139 = 0. Is v composite?
True
Let b(f) = -2*f + 6. Let u be b(3). Suppose -5*w = -u*w. Suppose w = -3*g + 128 + 1. Is g composite?
False
Suppose -g + 127165 = 5*o, 50866 = 5*o - 3*o + 5*g. Is o prime?
False
Let l be -5*(1 - 2 - 0). Suppose -4*x - 17 = -l*b, -5*x = 3*b - 4*x. Is 8 + 0 + (-2)/b a prime number?
False
Let d(s) = -175*s**2 + 2*s - 2. Let k(a) = -a**2 - 2*a. Let y(w) = -d(w) + 4*k(w). Is y(-5) a prime number?
True
Suppose 0 = 79*h - 3614883 + 772384. Is h a prime number?
False
Let t = 55 - -43. Let f(r) = -11*r**2 - 1. Let g be f(-2). Let l = t + g. Is l composite?
False
Suppose m - 1468 = 3*m. Let q = 1071 + m. Is q a composite number?
False
Let k = 4590 - 2297. Is k prime?
True
Suppose 424 = 11*j - 2535. Is j a composite number?
False
Suppose -4*t - 19 = -67. Let b = t - 22. Is b/(-10)*(223 + 0) a composite number?
False
Let v(w) = 3*w**3 + 3*w**2 - 2*w + 2. Let f be v(4). Let k = f + -115. Suppose 0 = 2*h + 4*d - k - 131, -2*h + 5*d = -223. Is h composite?
True
Let w = -433 + 724. Suppose 4*n - 577 = 5*v, 2*n - w = -0*n + 5*v. Is n prime?
False
Let f = 6 + -9. Suppose 0 = -5*j + 18 + 7. Is (-2 + f)*(-327)/j a prime number?
False
Suppose -3*s = -0*a + a + 184, 300 = -5*s - 5*a. Let j be (30/(-4) - 0)*594/(-45). Let c = j + s. Is c composite?
False
Let k = -1491 - -2720. Is k prime?
True
Let b = -54 + -27. Is (-14319)/b + 2/9 composite?
True
Suppose 1484 = -4*x - 1336. Let j = x - -1624. Is j composite?
False
Is 9*((-685)/(-15) - 2) composite?
True
Is 2/4*(-24028)/(-2) prime?
True
Let x(m) = 132*m**2 - 23*m + 6. Is x(-7) a prime number?
False
Let v(z) = -66*z - 58*z - 64*z + 7 + 250*z + 6*z**2 - 58*z. Suppose 2*d - 2*n + 25 + 3 = 0, -7 = 3*d + 4*n. Is v(d) a prime number?
True
Suppose m = 5*w - 1 - 14, -12 = -4*w - 3*m. Suppose w*i + 4*s = 3241, 3*s = 5*i + 6*s - 5420. Is i composite?
False
Suppose -6*w + 10 = -4*w. Let u(o) = 4*o**2 + 6 + 76*o + w - 60*o. Is u(-10) a composite number?
False
Let n(d) = 186*d**2 + 4*d - 5. Let t(l) = l**2 - 9*l + 5. Let c be t(8). Is n(c) composite?
False
Is ((-6282)/(-24) + -1)/(3/12) composite?
True
Suppose 0 = z - 2*z. Let r be (z + (-30)/4)*-2. Is (r/5)/(9/105) composite?
True
Let p = -49467 + 77422. Is p composite?
True
Let p(g) = -4*g - 5. Let b be p(-2). Is (7/b)/((-18)/(-12042)) prime?
False
Let d(p) = 185*p**2 - 22*p + 4. Is d(-9) a composite number?
False
Suppose -39 = -2*b - 17. Suppose 0 = -b*j + 4205 + 96. Is j a prime number?
False
Let q(k) = k**3 + 10*k**2 - 17*k - 21. Suppose 29 = 7*c + 99. Is q(c) a prime number?
True
Let c = -4578 + 13229. Is c prime?
False
Suppose -381 = -81*k + 80*k. Suppose -11*h - k = -14*h. Is h a composite number?
False
Let a = -122 + 62. Is ((-2)/(-2))/((-4)/a) composite?
True
Let v(o) = 3*o**2 - o - 4. Let b be v(5). Let u = 98 - b. Suppose -5*z - 12 + u = 0, 0 = 3*q - 2*z - 97. Is q a prime number?
False
Let s be -2 + (-16)/(-10) - (-29142)/30. Suppose 671 = 2*w - s. Is w composite?
False
Suppose -5*q - 3 = -6*q. Let m be q - (-2 - 0 - 0). Suppose m*x = s - 70, -3*x = -4*s - 6*x + 257. Is s prime?
False
Let j(t) = 3*t**2 - 82*t + 188. Is j(57) a prime number?
True
Is (2476/(-6))/((-3640)/(-609) + -6) composite?
True
Let x = -13 - -16. Let n(i) = 1402*i - 5. Is n(x) prime?
True
Is 11523*3/((-54)/(-132)) - 3 a composite number?
False
Let h be 1*(0 - 4/(-2)). Suppose h*f = -14 - 4. Let p = f + 46. Is p prime?
True
Let c(g) = 1056*g**2 + 30*g - 7. Is c(3) prime?
True
Is (-7)/4 